3, 5, 1810087
List the prime factors of 34347530.
2, 5, 7, 191, 367
What are the prime factors of 274393659?
3, 661, 138373
List the prime factors of 56298852.
2, 3, 31, 61, 827
List the prime factors of 1543325949.
3, 11, 89, 107, 1637
List the prime factors of 57027124.
2, 7, 11, 185153
List the prime factors of 84432201.
3, 7, 283, 14207
List the prime factors of 2461667833.
2461667833
List the prime factors of 1032409816.
2, 37, 3487871
What are the prime factors of 150744917?
19, 107, 74149
List the prime factors of 1104864.
2, 3, 17, 677
List the prime factors of 289778283.
3, 41, 67, 3907
What are the prime factors of 28595398?
2, 13, 1099823
List the prime factors of 4374166421.
4374166421
List the prime factors of 105136523.
191, 331, 1663
What are the prime factors of 3199760166?
2, 3, 157, 751, 4523
List the prime factors of 109032236.
2, 23, 53, 59, 379
List the prime factors of 6626386892.
2, 1656596723
List the prime factors of 214973473.
11, 13, 1503311
List the prime factors of 2436339513.
3, 17, 5881, 8123
What are the prime factors of 112432747?
7, 17, 19, 49727
List the prime factors of 147145438.
2, 11, 17, 47, 761
What are the prime factors of 6824176207?
6824176207
What are the prime factors of 1681348424?
2, 7, 2963, 10133
List the prime factors of 2045336944.
2, 7, 18261937
List the prime factors of 1621969763.
739, 809, 2713
List the prime factors of 148260560.
2, 5, 7, 43, 47, 131
List the prime factors of 1230611242.
2, 7, 87900803
List the prime factors of 27712149.
3, 37, 249659
List the prime factors of 4423715102.
2, 631, 3505321
What are the prime factors of 607737818?
2, 317, 958577
List the prime factors of 2878367040.
2, 3, 5, 999433
List the prime factors of 111682823.
7, 15954689
What are the prime factors of 76354303?
29, 2632907
What are the prime factors of 92264939?
13, 37, 433, 443
What are the prime factors of 582550515?
3, 5, 149, 28961
List the prime factors of 125096318.
2, 62548159
List the prime factors of 53466923.
29, 1843687
List the prime factors of 81560668.
2, 7, 23, 89, 1423
List the prime factors of 312271007.
89, 383, 9161
What are the prime factors of 14163348?
2, 3, 1180279
List the prime factors of 1568271458.
2, 13, 60318133
What are the prime factors of 1467489060?
2, 3, 5, 71, 114827
What are the prime factors of 120247156?
2, 127, 236707
List the prime factors of 18986346.
2, 3, 351599
List the prime factors of 5162046799.
7, 13, 56725789
What are the prime factors of 127859165?
5, 7, 1123, 3253
What are the prime factors of 24142729?
13, 353, 5261
List the prime factors of 43332682.
2, 21666341
List the prime factors of 296375661.
3, 19, 37, 139, 337
What are the prime factors of 50338827?
3, 7, 11, 1153
List the prime factors of 32629273.
17, 1919369
What are the prime factors of 145619529?
3, 11, 4412713
List the prime factors of 338073691.
83, 4073177
What are the prime factors of 210566652?
2, 3, 41, 139, 3079
What are the prime factors of 2124291393?
3, 7, 173, 64969
List the prime factors of 20233836.
2, 3, 7, 23, 3491
What are the prime factors of 747764977?
747764977
What are the prime factors of 2225209164?
2, 3, 127, 1460111
List the prime factors of 4723003417.
11, 37, 11604431
List the prime factors of 1925464636.
2, 19, 4703, 5387
What are the prime factors of 80439504?
2, 3, 29, 57787
List the prime factors of 4361057453.
9239, 472027
List the prime factors of 1783901526.
2, 3, 11, 19, 43, 33083
What are the prime factors of 355090161?
3, 118363387
List the prime factors of 471452340.
2, 3, 5, 31, 253469
List the prime factors of 83976928.
2, 7, 233, 1609
List the prime factors of 11773892.
2, 13, 17417
List the prime factors of 4022789019.
3, 43, 167, 186733
List the prime factors of 1000474913.
1000474913
What are the prime factors of 199982908?
2, 743, 67289
List the prime factors of 9316758.
2, 3, 11, 41, 313
List the prime factors of 2230961864.
2, 41, 6801713
What are the prime factors of 3455029133?
67, 51567599
What are the prime factors of 863748823?
7, 1297, 13591
List the prime factors of 482769901.
43, 263, 42689
What are the prime factors of 24482423?
7, 157, 22277
List the prime factors of 139151145.
3, 5, 7, 659, 2011
What are the prime factors of 11969411?
17, 19, 37057
What are the prime factors of 1040992776?
2, 3, 4819411
List the prime factors of 18767406.
2, 3, 7, 53, 8431
List the prime factors of 4043860617.
3, 61, 22097599
List the prime factors of 90645717.
3, 17, 104551
What are the prime factors of 91894020?
2, 3, 5, 1531567
What are the prime factors of 55051593?
3, 17, 397, 2719
List the prime factors of 3358572745.
5, 11, 3037, 20107
List the prime factors of 25245440.
2, 5, 11, 163
What are the prime factors of 1038894235?
5, 1451, 143197
List the prime factors of 315573274.
2, 71, 641, 3467
List the prime factors of 926302087.
43, 21541909
What are the prime factors of 73286552?
2, 9160819
List the prime factors of 3876916144.
2, 242307259
List the prime factors of 1312244262.
2, 3, 7, 10414637
What are the prime factors of 9124197?
3, 61, 73, 683
List the prime factors of 2987570306.
2, 7, 10399, 20521
List the prime factors of 21095831.
1549, 13619
What are the prime factors of 226835975?
5, 151, 60089
List the prime factors of 3214958342.
2, 37, 269, 161507
List the prime factors of 1323424049.
6709, 197261
What are the prime factors of 1077763300?
2, 5, 83, 89, 1459
What are the prime factors of 4736885144?
2, 23, 41, 627901
What are the prime factors of 409277996?
2, 31, 107, 109, 283
What are the prime factors of 3998463?
3, 7, 190403
List the prime factors of 1392160670.
2, 5, 139216067
What are the prime factors of 24348726?
2, 3, 17, 47, 1693
List the prime factors of 15277103.
15277103
What are the prime factors of 4620206119?
131, 35268749
List the prime factors of 85200427.
13, 19, 344941
List the prime factors of 2433381063.
3, 811127021
What are the prime factors of 1729882020?
2, 3, 5, 28831367
What are the prime factors of 232422536?
2, 29052817
What are the prime factors of 66035666?
2, 41, 805313
List the prime factors of 1449815829.
3, 7, 11, 570569
List the prime factors of 3530754983.
7, 43, 11730083
List the prime factors of 1679424904.
2, 209928113
List the prime factors of 53361049.
7, 41, 26561
What are the prime factors of 35943542?
2, 17, 1057163
List the prime factors of 30886818.
2, 3, 19, 270937
What are the prime factors of 389214376?
2, 48651797
List the prime factors of 276110669.
101, 197, 13877
List the prime factors of 61781994.
2, 3, 53, 21587
List the prime factors of 499768379.
11, 109, 416821
List the prime factors of 246413798.
2, 79, 1559581
List the prime factors of 1789791660.
2, 3, 5, 3314429
What are the prime factors of 862535499?
3, 7, 41073119
What are the prime factors of 4175887143?
3, 701, 1213, 1637
What are the prime factors of 157116734?
2, 78558367
What are the prime factors of 245093941?
41, 5977901
List the prime factors of 570381303.
3, 3691, 51511
List the prime factors of 1453590334.
2, 7, 103827881
What are the prime factors of 14162983?
14162983
List the prime factors of 29889162.
2, 3, 17, 10853
What are the prime factors of 151199961?
3, 11, 4581817
What are the prime factors of 40003000?
2, 5, 109, 367
What are the prime factors of 84513985?
5, 197, 239, 359
List the prime factors of 6930094919.
11, 31, 2293, 8863
List the prime factors of 728966602.
2, 7, 13, 1229, 3259
What are the prime factors of 73805307?
3, 2789, 8821
List the prime factors of 113521947.
3, 7, 11, 113, 4349
What are the prime factors of 200171080?
2, 5, 19, 263383
List the prime factors of 3676302479.
17, 29, 149, 50047
What are the prime factors of 155495546?
2, 77747773
List the prime factors of 105280059.
3, 37, 948469
What are the prime factors of 5972005564?
2, 7, 157, 1358509
What are the prime factors of 176313358?
2, 13, 17, 59, 6761
List the prime factors of 1062443432.
2, 71, 1870499
List the prime factors of 185121520.
2, 5, 2314019
List the prime factors of 50876366.
2, 25438183
What are the prime factors of 63938933?
19, 3365207
List the prime factors of 39766569.
3, 29, 457087
What are the prime factors of 1300393131?
3, 191, 2269447
List the prime factors of 2555811144.
2, 3, 1